
2
What is the units digit of 1241348?
8
What is the hundreds digit of 689222?
2
What is the thousands digit of 1145354?
5
What is the tens digit of 709969?
6
What is the ten thousands digit of 217596?
1
What is the tens digit of 4768408?
0
What is the thousands digit of 27178729?
8
What is the hundreds digit of 320129?
1
What is the units digit of 599463?
3
What is the hundred thousands digit of 10208916?
2
What is the hundred thousands digit of 552963?
5
What is the ten millions digit of 12528107?
1
What is the hundreds digit of 9334189?
1
What is the ten thousands digit of 181400?
8
What is the tens digit of 136935?
3
What is the tens digit of 319191?
9
What is the units digit of 11561066?
6
What is the hundred thousands digit of 7645609?
6
What is the tens digit of 614102?
0
What is the units digit of 131303?
3
What is the ten thousands digit of 1114638?
1
What is the thousands digit of 88142?
8
What is the hundred thousands digit of 12719912?
7
What is the tens digit of 282951?
5
What is the thousands digit of 400167?
0
What is the ten thousands digit of 249005?
4
What is the tens digit of 7585358?
5
What is the tens digit of 11431669?
6
What is the units digit of 388266?
6
What is the hundreds digit of 155419?
4
What is the hundreds digit of 918152?
1
What is the thousands digit of 203208?
3
What is the thousands digit of 18409?
8
What is the thousands digit of 6760994?
0
What is the tens digit of 25064209?
0
What is the hundreds digit of 588983?
9
What is the units digit of 6767791?
1
What is the tens digit of 131100?
0
What is the thousands digit of 275861?
5
What is the ten thousands digit of 2185426?
8
What is the hundreds digit of 211049?
0
What is the units digit of 343631?
1
What is the ten thousands digit of 2928610?
2
What is the thousands digit of 210452?
0
What is the thousands digit of 669188?
9
What is the tens digit of 89108?
0
What is the hundreds digit of 1327132?
1
What is the hundred thousands digit of 483483?
4
What is the hundreds digit of 1443937?
9
What is the tens digit of 231022?
2
What is the units digit of 10595938?
8
What is the ten thousands digit of 85386?
8
What is the ten millions digit of 25882655?
2
What is the thousands digit of 1357704?
7
What is the hundred thousands digit of 926654?
9
What is the hundred thousands digit of 936255?
9
What is the hundreds digit of 187192?
1
What is the hundreds digit of 282792?
7
What is the hundreds digit of 5626395?
3
What is the ten thousands digit of 73126?
7
What is the hundreds digit of 206146?
1
What is the millions digit of 3204637?
3
What is the ten thousands digit of 20671073?
7
What is the thousands digit of 7673362?
3
What is the units digit of 1063171?
1
What is the hundred thousands digit of 8132383?
1
What is the ten thousands digit of 2819239?
1
What is the tens digit of 963861?
6
What is the units digit of 1469464?
4
What is the ten thousands digit of 2378881?
7
What is the ten thousands digit of 105543?
0
What is the ten thousands digit of 323439?
2
What is the hundreds digit of 85227?
2
What is the ten thousands digit of 512953?
1
What is the millions digit of 2308260?
2
What is the ten thousands digit of 28275?
2
What is the units digit of 111470?
0
What is the hundreds digit of 50170?
1
What is the tens digit of 746878?
7
What is the thousands digit of 3417247?
7
What is the tens digit of 9223347?
4
What is the ten thousands digit of 6939836?
3
What is the millions digit of 6071731?
6
What is the hundreds digit of 39090?
0
What is the hundreds digit of 480556?
5
What is the thousands digit of 1293004?
3
What is the thousands digit of 144934?
4
What is the hundreds digit of 36431?
4
What is the hundred thousands digit of 291744?
2
What is the hundred thousands digit of 657542?
6
What is the units digit of 550969?
9
What is the ten thousands digit of 581011?
8
What is the hundreds digit of 15239869?
8
What is the units digit of 857043?
3
What is the units digit of 21743?
3
What is the ten thousands digit of 69962?
6
What is the ten thousands digit of 224690?
2
What is the tens digit of 66775?
7
What is the tens digit of 2935665?
6
What is the hundreds digit of 2893284?
2
What is the ten thousands digit of 4461424?
6
What is the ten thousands digit of 51585?
5
What is the ten millions digit of 11586266?
1
What is the ten thousands digit of 213062?
1
What is the units digit of 831825?
5
What is the hundred thousands digit of 4515548?
5
What is the thousands digit of 30580?
0
What is the tens digit of 7034006?
0
What is the ten millions digit of 13562595?
1
What is the tens digit of 4827099?
9
What is the tens digit of 1495831?
3
What is the hundreds digit of 2940837?
8
What is the hundred thousands digit of 182433?
1
What is the units digit of 137589?
9
What is the millions digit of 9028694?
9
What is the tens digit of 1700440?
4
What is the ten thousands digit of 458031?
5
What is the ten thousands digit of 434656?
3
What is the ten thousands digit of 9129081?
2
What is the millions digit of 4338221?
4
What is the tens digit of 23995487?
8
What is the units digit of 6445543?
3
What is the ten thousands digit of 12900721?
0
What is the millions digit of 1547246?
1
What is the units digit of 1148357?
7
What is the ten thousands digit of 247505?
4
What is the units digit of 4912853?
3
What is the tens digit of 25777200?
0
What is the hundred thousands digit of 3063137?
0
What is the thousands digit of 1242387?
2
What is the millions digit of 24536105?
4
What is the hundreds digit of 36763653?
6
What is the millions digit of 7087766?
7
What is the hundred thousands digit of 656829?
6
What is the thousands digit of 1628206?
8
What is the millions digit of 2495522?
2
What is the thousands digit of 527239?
7
What is the ten millions digit of 17382274?
1
What is the ten thousands digit of 684937?
8
What is the tens digit of 31978147?
4
What is the thousands digit of 7900415?
0
What is the millions digit of 3147696?
3
What is the tens digit of 536594?
9
What is the tens digit of 481126?
2
What is the hundred thousands digit of 1553825?
5
What is the units digit of 3320503?
3
What is the tens digit of 92887?
8
What is the units digit of 305669?
9
What is the hundreds digit of 14672908?
9
What is the thousands digit of 1311125?
1
What is the units digit of 11258854?
4
What is the tens digit of 6292127?
2
What is the tens digit of 3951656?
5
What is the hundreds digit of 1111199?
1
What is the hundreds digit of 13002405?
4
What is the millions digit of 2530874?
2
What is the hundreds digit of 21489282?
2
What is the thousands digit of 2780842?
0
What is the ten millions digit of 14110316?
1
What is the hundred thousands digit of 19527603?
5
What is the hundreds digit of 2318485?
4
What is the hundreds digit of 1924946?
9
What is the thousands digit of 1638985?
8
What is the thousands digit of 945741?
5
What is the hundred thousands digit of 135755?
1
What is the hundred thousands digit of 12231886?
2
What is the units digit of 1875053?
3
What is the units digit of 8433235?
5
What is the hundred thousands digit of 185006?
1
What is the hundreds digit of 1433865?
8
What is the tens digit of 147336?
3
What is the units digit of 1916694?
4
What is the thousands digit of 466544?
6
What is the units digit of 748349?
9
What is the hundred thousands digit of 330017?
3
What is the units digit of 2238608?
8
What is the ten thousands digit of 66864?
6
What is the hundred thousands digit of 7460448?
4
What is the hundred thousands digit of 22293117?
2
What is the hundreds digit of 4281595?
5
What is the hundred thousands digit of 1475304?
4
What is the thousands digit of 481824?
1
What is the thousands digit of 5876252?
6
What is the tens digit of 362548?
4
What is the hundreds digit of 197663?
6
What is the hundred thousands digit of 1449645?
4
What is the hundreds digit of 1568549?
5
What is the hundreds digit of 1402880?
8
What is the tens digit of 379942?
4
What is the ten thousands digit of 166378?
6
What is the hundred thousands digit of 6329126?
3
What is the units digit of 15399702?
2
What is the hundred thousands digit of 11160566?
1
What is the tens digit of 782978?
7
What is the units digit of 4569052?
2
What is the thousands digit of 2894447?
4
What is the hu